+ l - 4 + n - 6*n**3. Determine d(-1).
7
Let c be -1*(-4)/(-42)*((-583)/22 - -37). Let i(y) = -y**2 + 1. Let h(q) = 7*q**2 + 2*q - 2. Let n(r) = h(r) + 3*i(r). Determine n(c).
3
Let s = 55 - 37. Let c(d) = s - d - 34 + 13. Suppose -5*g = -u - 6, -2*g + 7*g = 4*u - 6. Calculate c(u).
-7
Let u be -4*(6/(-8) + -1) - (16 + -9). Let s(q) be the third derivative of 0 - 1/24*q**4 + 3*q**2 + 0*q - 1/60*q**5 - 4/3*q**3. Calculate s(u).
-8
Let p(i) be the first derivative of -27*i**2/2 + i + 2. Suppose 5*u - 52 = -3*q, -u = -4*q + 6 + 2. Suppose 0 = -u*g - 7 + 15. Calculate p(g).
-26
Let h(z) = -z**3 - 3*z**2 - 2*z - 1. Let o be h(-3). Let r(w) = o*w + w**3 + 6*w - 7 + 7*w**2 - 7*w. Suppose 87 + 84 = -48*n - 117. Calculate r(n).
5
Let d(r) = -10*r - 11705 + 11897 - 45*r + 6*r + r. Give d(4).
0
Let n(x) = x**2 - 5*x + 1. Let j be 4/14 + (-1056)/(-77). Let g be j/42*(4 - (-2)/1). Suppose 2*d + 2 = -4*q, 3*d = g*d + 4*q + 11. Calculate n(d).
-5
Let s(h) = h**2 - h - 7. Suppose -2*z - j = 120 - 130, 4*j = -8. Calculate s(z).
23
Suppose -3*d = -3*r + 12, -55*d + 10 = r - 59*d. Suppose -2*i = -2 - 2. Let g(l) = -r*l**2 - 1 + 10*l - 13*l - 1 + 0*l**i. What is g(-2)?
-4
Let t = -126 + 130. Suppose 5*k = -d + 6, -k = d - 6 + t. Let g(z) = 14*z**3 - z**2 + z - 1. Determine g(d).
13
Let j(g) = -8*g**2 - g + 50. Let h(v) = -5*v**2 - 2*v + 50. Let m(z) = 3*h(z) - 2*j(z). Let b(r) be the first derivative of m(r). Determine b(-2).
-8
Suppose 10*r - 3 = 9*r. Let w(o) = -o**3 + 2*o**2 + 3*o - 3. Let m be w(r). Let a be 0 - ((-100)/28 + m/7). Let f(x) = -x**2 + 4. Calculate f(a).
-12
Let h(z) = -z + 9 - 10 + 3*z. Let i(q) = 2*q**3 + 8*q**2 + 36*q + 32. Let u be i(-1). What is h(u)?
3
Let q = -1 + -3. Let z(i) = -280*i - 258*i + 2*i**2 - 264*i + 4 + 806*i. Determine z(q).
20
Suppose 5*s = 2*w - 0*s - 19, -4*w - 2*s + 2 = 0. Suppose l + 5 = -w*l - 5*n, 5*n = 5*l - 5. Let v(z) = -7 + 3 + 9*z**2 + z - 10*z**2. What is v(l)?
-4
Let n(y) = 27*y**2 - 16*y - 5. Let h be n(1). Let p(f) = 12*f - 69. Calculate p(h).
3
Let g(q) = -11*q**2 - 14*q - 16. Let v(k) = -13*k**2 - 14*k - 15. Let p(d) = 6*g(d) - 5*v(d). Calculate p(-6).
27
Let i(x) = 1 - 2*x**2 - 5*x**3 + 4*x**3 + 0*x**3 + x. Let l(h) = 2*h - 16. Let a be l(9). Let b be (a/(-2))/(1 + (-1)/2). What is i(b)?
-1
Let x(k) be the second derivative of -k**5/20 + 65*k**4/12 - 121*k**3/6 - 157*k**2 - k + 223. Calculate x(63).
1
Let c(n) = 330 - 2*n + 0*n + 5*n**2 - 329. Let o(k) = -9 - 1 - 2*k - 6. Let s be o(-9). Give c(s).
17
Let s(c) = 3*c**2 - 145*c + 52. Let n be s(48). Let i(f) = -4*f + 3*f + 0 + 1 + 4. Determine i(n).
1
Let j be (1 - 5/(-3))*21. Suppose 49*w = j*w + 35. Let i(v) = -5*v. Let d(s) = s - 1. Let f(r) = 6*d(r) + 2*i(r). Calculate f(w).
14
Let g(r) = 4*r**3 - 22*r**2 + 64*r. Let t(n) = 17*n**3 - 88*n**2 + 266*n - 1. Let v(y) = 25*g(y) - 6*t(y). Determine v(-11).
-38
Let u be (5 - 52/12)*201. Let n(q) = -255 + 125 - q + u. Give n(5).
-1
Let v(u) = -u**2 + 5*u - 3. Suppose c - 20*s - 1 = -19*s, 2*c - 4*s + 2 = 0. Determine v(c).
3
Let w be 5 + 3/3 + -2. Let q(y) = 101 - 2*y - w*y**2 - 197 - y**3 + 97. Let s = 1 + -3. Determine q(s).
-3
Let t(u) be the second derivative of -u**5/20 - u**4/4 + u**3 + 19*u**2/2 + 3375*u. Determine t(-4).
11
Let k(x) = -1060*x - 3177. Let j be k(-3). Let p(n) = 3*n**2 - 7*n + 13. Determine p(j).
19
Let j = 5813 + -5816. Let t(b) = -b**2 + 4*b + 30. What is t(j)?
9
Suppose -5*g + 14 = -21. Let h(l) = -2*l + g*l - 2*l + 2 - 2*l. Let w be (11 - 17) + (3 - 0). Give h(w).
-1
Let r be (-36)/(-21) + 112/14 + (-216)/28. Let p(y) = 3*y**3 - y**2 + 2*y - 7. Give p(r).
17
Let j(q) = -13*q + 5. Let n(f) = -36*f + 12. Let c(d) = 8*j(d) - 3*n(d). Calculate c(-1).
0
Let g(m) be the second derivative of -5/12*m**4 - 2*m**2 - 2*m + 1/20*m**5 + 0 + 1/6*m**3. Suppose -22*i + 25 + 85 = 0. Calculate g(i).
1
Let u be 31/((-2387)/(-22))*(-7 + -21). Let z(m) = 1. Let o(i) = -2*i - 26. Let b(t) = o(t) + 2*z(t). Determine b(u).
-8
Let l be 2/(-4)*(1 + 1). Let d be 0*((-2)/(-4) + l). Let k(s) = 10 + 2*s + d*s + 0*s. Calculate k(-7).
-4
Let r(s) = s - 8. Suppose -21*j - 266 = -25*j - 5*i, i = -3*j + 205. Let p be 7*(-1)/((-2)/18). Let h = j - p. Give r(h).
-2
Let a(v) be the third derivative of -v**6/120 - v**5/60 + v**4/6 - v**2 + 402*v. Determine a(2).
-4
Let j(u) be the third derivative of -u**5/60 - u**4/24 - u**3/6 + 2*u**2. Let b = -4541 + 4538. Determine j(b).
-7
Let n(d) = -53143*d**2 + 53147*d**2 + 73*d + 8 + d**3 - 74*d. Give n(-6).
-58
Let c(l) = -5*l**2 - 3*l - 5. Let t(g) = 9*g**2 + 5*g + 9. Let i(s) = 11*c(s) + 6*t(s). Let j = 153 - 157. Let w be 4*((-5 - j) + 0). What is i(w)?
-5
Let w(a) be the first derivative of -a**3/3 - 9*a**2 - 41*a - 1824. Give w(-15).
4
Let k(c) be the third derivative of 5/12*c**4 + 0 + 1/120*c**6 + 5/6*c**3 - 2*c**2 + 11/60*c**5 + 0*c. Give k(-10).
5
Let j(n) = 17*n**2 + 5*n + 13. Let t = -23114 + 23111. Determine j(t).
151
Let g(k) be the first derivative of -k**4/3 + k**3/6 + 4*k + 7. Let j(s) be the first derivative of g(s). Let i be -2*((-3)/(-18) + 8/(-12)). Calculate j(i).
-3
Suppose -35*r = -31*r - 20. Let d(a) = -r*a - 14*a + 15 - 3*a**2 - 2*a**2 - 2*a**2 + 6*a**2. What is d(-20)?
-5
Let g be ((-10)/((-180)/174))/(2/18). Let i(h) = 176*h - 90*h - 2 - g*h. What is i(0)?
-2
Let h(z) be the first derivative of -7/3*z**3 + z + 1/2*z**2 + 88. Let b(w) = w**3 + 4*w**2 - 6*w - 7. Let x be b(-5). Give h(x).
-29
Let x = 352 - 346. Let r(q) = -22 - q + x + 10 + 4*q. Calculate r(6).
12
Let p(q) = 7*q + q**2 + 13*q**2 - 9*q - 1 - 10*q**2. Give p(2).
11
Let z(u) = u**2 - 5*u + 5. Suppose -3*m + 2*i + 24 = -16, -42 = -4*m - 3*i. Let h be -1*1 + (-5)/(-20)*m. Suppose -4*b + h + 18 = 0. Calculate z(b).
5
Let o(r) be the second derivative of r**4/12 + r**3 - 30*r**2 - r + 672. Determine o(5).
-5
Let g(f) = -f**3 - 6*f**2 - 3*f - 7. Let n = 226 - 221. Suppose 10*d - n*d = -30. What is g(d)?
11
Let f(b) = -2*b**2 - 1 + 11*b**3 + 2*b + 18*b**3 - 12*b**3. Let a = 136382 + -136381. Determine f(a).
16
Let i(r) be the second derivative of r**3/3 - 23*r**2/2 - 45*r + 2. Determine i(6).
-11
Let r(q) = 230*q**3 - 2*q**2 + 9*q - 12. Let f(v) = -163*v**3 + 2*v**2 - 8*v + 10. Let x(n) = -4*f(n) - 3*r(n). What is x(1)?
-39
Suppose -73 + 97 = 4*a. Let u(k) = 4 - k - 2*k - k**3 + 3*k**2 - 6*k**3 + a*k**3. Suppose -16 = 4*o, -2*d = -5*o - 25 - 3. Calculate u(d).
-24
Let y(d) = -4*d**2 + 38*d - 4 - 16*d + 5*d**2 - 19*d. Let t(l) = l**2 + 35*l + 237. Let w be t(-26). Determine y(w).
14
Suppose -12239*p = -12252*p + 13. Let n(i) = -15*i**3 - i + 2. Determine n(p).
-14
Let k(t) = -2*t + 5. Let j = 270 + -225. Suppose -j*b + 30 = -50*b. Give k(b).
17
Let l(b) = 2*b + 214. Let o be l(-110). Let n(a) = -a - 1. Let i be n(-6). Let f(y) = -4*y**2 + y**3 + i*y**2 + 6*y**2 - y**2 - 8. Determine f(o).
-8
Let a(j) = -j**3 + 4*j**2 + 5*j + 1. Let c be (6/(-12))/((-25)/(-100)). What is a(c)?
15
Suppose 5*h + 11 = -f, 60*h - 63*h = f + 9. Let t(u) = u**3 + 6*u**2 - 10. Give t(f).
-10
Let r(l) = -l + 6. Let p be 0/((-10)/25*5). Suppose 27*h - 22*h - 25 = p. Give r(h).
1
Let m(k) = k**3 - 2*k**2 - k - 3. Let q(j) = -2*j**3 + 46*j**2 - 36*j + 98. Let p(h) = 3*m(h) + q(h). Determine p(-41).
7
Let u(d) be the first derivative of -d**4/4 - 11*d**3/3 + 15*d**2/2 - 25*d - 291. Determine u(-12).
-61
Let y(t) = 46*t + 506. Let s be y(-11). Let n be (104/(-13) - -9)*(s - 4). Let u(k) = 2*k - 4*k + 4 - k**2 + 1. Give u(n).
-3
Let z(a) = -23*a - 98. Let k(r) = -8*r - 50. Let o(d) = 7*k(d) - 3*z(d). What is o(6)?
22
Let s(x) = -39 + 112*x - 28*x**2 + 46*x**2 + x**3 - 114*x. What is s(-18)?
-3
Suppose 5*c - 4*c = -4*k + 13, 4*k - 11 = c. Let s be 3 + (-7)/k - 20/(-15). Let i(y) = -s*y**3 - y**2 - 2*y + 2 - 4*y**2 - 4*y + 3*y**3. Determine i(6).
2
Let y(r) = -r**3 + 3*r**2 - r + 3. Let h(m) = -4*m**3 + 10*m**2 - 7*m + 14. Let l(s) = h(s) - 3*y(s). Determine l(2).
-7
Let w(v) = v**3 + 6*v - 9. Let b be 28*29/(-609)*(30/4)/(-5). Calculate w(b).
11
Let u be 0 - (-9)/6*2. Let s(v) = 7 + 2*v + 5*v + 4 - 15 + 5*v**2. Let r(w) = 6*w**2 + 10*w - 4. Let i(g) = -3*r(g) + 4*s(g). What is i(u)?
8
Let v(c) = 20*c + 178238*c**2 - 178236*c**2 + 20 - 1. What is v(-8)?
-13
Let n(w) = -w**3 - 5*w**2 + 7. Let r = -215 - -215. Suppose -k + 6*k -